-4)*2?
5
Let q = 23 + -22. What is the units digit of ((3 - 4) + 52)/q?
1
Let f(m) = -46*m - 276. What is the tens digit of f(-32)?
9
Let y = 60 - 56. Let n(x) = 4*x**2 - 10*x + 4. What is the units digit of n(y)?
8
Let a be (6/(-8))/((-7)/168). Let i be 6/27 + 1238/a. Let o = i - 23. What is the tens digit of o?
4
Let l(s) = 13*s**2 - 19*s - 40. Let k be l(-8). Suppose 5*t = -3*u + k, -3*t + t = 4*u - 372. What is the tens digit of t?
9
Suppose -4*d - 4*x = -4596, 27*x + 3445 = 3*d + 28*x. What is the hundreds digit of d?
1
Let s = -48 - -9. Suppose 233 = 5*y - 87. Let f = s + y. What is the tens digit of f?
2
Let h be ((-4)/(-10))/((-27)/(-270)). Suppose 4 = -h*a, 2*r - 30 = r - a. What is the tens digit of r?
3
Suppose c + 372 = 4*c + 4*q, 2*c + 2*q = 246. Suppose 0 = -0*p + 5*p + c. Let f = -15 - p. What is the units digit of f?
9
Let l be 1*(-1)/(4/(-8)). Let h be l/2*(-123)/(-3). Let o = h - 29. What is the units digit of o?
2
Let g be 88/(-3)*48/(-32). Suppose a = 5*j + 26, -4*a + g + 60 = 5*j. What is the tens digit of a?
2
Suppose 11*n - 33 = 8*n. Let v = -17 + n. What is the tens digit of 164/12 + v/9?
1
Suppose 7*w = 9457 + 4403. What is the thousands digit of w?
1
Let w(o) = 353*o - 4. Let y be w(2). Suppose 4*u + y = 7*u. What is the tens digit of u?
3
Let i(r) be the third derivative of -r**8/320 - r**6/720 + r**4/8 - r**2. Let s(g) be the second derivative of i(g). What is the units digit of s(-1)?
2
Let a(d) = -4*d**2 + 5*d**3 + 4 - 2*d - d**3 - 5*d**3. What is the tens digit of a(-4)?
1
Let k = -105 - -103. What is the tens digit of (-18 - -27)/(k/(-38))?
7
Suppose 5*n - 8 - 12 = 0. Suppose r = -n*u - 4*r + 35, -2*r - 55 = -3*u. What is the tens digit of u?
1
Suppose 6*p - 8*p + 1312 = 4*q, -2624 = -4*p - 2*q. What is the hundreds digit of p?
6
Let a be 14 - (4 - (8 + -4)). What is the tens digit of (-410)/(-14) - 4/a?
2
Let h(v) = 67*v + 499. What is the units digit of h(12)?
3
Let m = -6 + 16. Suppose 3*s + 3*f - m = -52, 2*f = -3*s - 40. Let c = s + 41. What is the units digit of c?
9
Suppose 3*w = -4*s + 2044, 244 + 267 = s + 4*w. Suppose 2*f + s = 3*o - 0*f, -3*f = -2*o + 349. What is the units digit of o?
7
Let f(j) = 0*j - 5 + 10*j + 2 - j. Let i be f(3). Suppose i = 3*h - 33. What is the tens digit of h?
1
Let h = 720 - 468. Suppose -h = -2*i - 2*i. What is the tens digit of i?
6
Suppose 0 = 2*o - 8, 5*k - o - 545 = -39. Suppose -2*n + k = 3*i, i - 3*i = -n + 44. What is the tens digit of n?
4
Let q(s) = -s**3 + 20*s**2 - 25*s - 3. What is the units digit of q(13)?
5
Suppose 5*o = 2*o - 78. Suppose 0 = -5*r + s + 2*s - 292, 172 = -3*r + 5*s. Let t = o - r. What is the tens digit of t?
3
Suppose -b - 8 = -3*b. Suppose f - 6*g = -4*g + 157, 809 = 5*f - b*g. What is the hundreds digit of f?
1
Suppose 2*m - 9 = 11. Suppose 2*w = w + 17. Let v = w - m. What is the units digit of v?
7
What is the hundreds digit of (-354)/590 - (-3076)/10?
3
Let j(n) = -n**3 - 10*n**2 + 12*n + 32. Let t be j(-14). Suppose 2*k - 488 = -3*y, -4*y - 2*k = -0*k - t. What is the units digit of y?
0
Suppose -5*y - 42*s = -47*s - 7750, 10 = 2*s. What is the tens digit of y?
5
Let s be (-3)/(-7) - (4380/(-21) - 0). Let z = s + -118. What is the tens digit of z?
9
Let u = 1132 + -665. What is the tens digit of u?
6
Let u be 7/(-14)*3*4. Let w(i) be the first derivative of 2*i**3/3 + 4*i**2 - 4*i + 6. What is the tens digit of w(u)?
2
Suppose 4*o - n - 3299 = 0, -11*o - 4*n = -13*o + 1660. What is the tens digit of o?
2
Let q = 88 - 10. Suppose -3*a + 138 = -q. Suppose 9*p - a = 7*p. What is the units digit of p?
6
Suppose 2*z - 5 = 5*i, -2*z = 2*i + 3*z + 2. What is the hundreds digit of 123 + 3 + i + -9 + 6?
1
Let u(v) be the first derivative of v**2 - 23*v + 3. Let t be u(10). What is the units digit of (3/(-2))/(t/40)?
0
Let o(h) = -15*h + 38. What is the units digit of o(-33)?
3
Let l = 38 - 36. Suppose s - 64 = r, -l*s + 4*r = -3*s + 44. What is the units digit of s?
0
What is the units digit of 7/35 + (-34792)/(-40)?
0
Suppose 4*r + 5 = 4*b + 5*r, -4*b = 4*r + 4. Let p(o) = -4*o**2 + b + o + 3*o**2 + 21. What is the units digit of p(0)?
3
What is the tens digit of (-1)/(-14) - (-13634)/28?
8
Suppose -3*k + 2*t = -7, -k = 7*t - 2*t - 25. Suppose -2*b - 3*b = k*h - 205, -2*b + 2*h = -74. What is the tens digit of b?
3
Let g(j) = 8 + j**3 + 4 + j**2 - 2*j**3. Let n be g(0). What is the units digit of -2*(-3)/(n/10)?
5
Suppose 34*n - 8*n - 43862 = 0. What is the units digit of n?
7
Let n = 1468 - 353. What is the units digit of n?
5
Let h be (-31 - 0)/((-8)/16). Suppose 6*t + h - 260 = 0. What is the tens digit of t?
3
Suppose m + 5*t - 477 = 116, 5*t + 5 = 0. What is the units digit of m?
8
Let a be ((-12)/8 + (-14)/(-4))*28. Suppose -4*f - f = -30. Suppose 3*w - f*h + h = 83, w - a = -4*h. What is the units digit of w?
6
Suppose -684*x - 5610 = -695*x. What is the hundreds digit of x?
5
Suppose -12 = -3*x - t, 0*x - 4*x + 9 = -t. Suppose -x*y + 7*q + 174 = 4*q, 3*y + 3*q - 204 = 0. What is the tens digit of y?
6
Suppose 15 = -s + 4*b, -s - 4*b + 9 = -16. Suppose -s*f + 1317 = j, 3*f - 5*j - 1314 + 507 = 0. What is the hundreds digit of f?
2
Let p(w) = -w**3 + 16*w**2 - 7*w - 54. What is the hundreds digit of p(12)?
4
Let p be 277/5 + (-50)/125. Suppose 4*q - 135 = -n, 5*q - n - 217 = -p. What is the units digit of q?
3
Let w(t) be the first derivative of t**4/4 + 2*t**3/3 + 25*t + 6. What is the tens digit of w(0)?
2
Let c(d) = d**3 - 16*d**2 - 16*d - 11. Let w(y) = -y**3 + 13*y**2 - 13*y + 29. Let j be w(12). What is the units digit of c(j)?
6
Let l(q) = -718*q**3 + 3*q**2 - q - 2. What is the units digit of l(-1)?
0
Let r(x) = -x**2 + 8*x - 13. Let w be r(3). Suppose 5*u - 3*h - 817 = 0, -u + 3*h - 149 = -w*u. What is the tens digit of u?
6
Let g(z) = z**3 - 7*z**2 - 7*z + 5. Let d = -63 - -111. Let m be d/(-20)*(-40)/12. What is the tens digit of g(m)?
1
Let m(w) = -16*w - 1. Let c(j) = j**2 - 1. Let n(y) = -y - 2. Let v be n(-2). Let z be c(v). What is the units digit of m(z)?
5
Let k be 0/(-7) + (-50)/(-2). Let y be (-1)/(k/12 + -2). Let m = 13 - y. What is the tens digit of m?
2
Let c = -12 + 17. Suppose 3*x - c*w = 262, 3*w + 84 = x - 2*w. What is the tens digit of x?
8
Let c(d) = -1 - 3*d - 5*d - d**2 - 5*d + 4*d. Suppose 2*h + 18 = 4. What is the units digit of c(h)?
3
Let q = -535 + 1103. What is the hundreds digit of q?
5
Suppose v + 11 = j, 0 = -j - 1 + 3. What is the units digit of -4 - (-7)/((-7)/v)?
5
What is the hundreds digit of 817 + 1/(3/(-27))?
8
Suppose -333*h + 11460 = -327*h. What is the hundreds digit of h?
9
Suppose -17 + 17 = -4*t. Suppose -5*y + 308 = 2*s - 146, 3*y = 2*s + 282. Suppose t = -w - 3*w + y. What is the units digit of w?
3
Let t = 953 + 282. What is the tens digit of t?
3
Let a = -117 - -115. Let o(t) be the second derivative of t**4/12 + t**2/2 + 2*t. What is the units digit of o(a)?
5
Let g(u) = -u**2 - 27*u - 12. Let b be g(-25). Suppose 3*d - 266 = 430. Suppose b = 6*n - d. What is the units digit of n?
5
What is the hundreds digit of -12*6/(-12) + 1403?
4
Let o(v) = 4*v + 83. What is the tens digit of o(-4)?
6
Suppose -b - 3*y + 4*y + 596 = 0, -4*b + 2412 = 3*y. What is the hundreds digit of b?
6
Let k(s) = -s**2 - s + 3. Let u be k(-5). Let i(o) = o**2 + 9*o - 1. What is the units digit of i(u)?
5
Suppose 8*q + 3*j = 3*q - 75, j = -4*q - 67. Let p be (-4)/6*q/(-4). Let h(x) = -6*x + 2. What is the units digit of h(p)?
0
Suppose 3*l + 95 - 23 = 0. Suppose 5*v + 3*m - 4*m = -12, -m = 2*v + 2. What is the tens digit of 45/v*l/18?
3
Let d be 0/1 + (314 - 3). Suppose -5*h - v + d = -4*v, 2*h = -4*v + 114. Suppose 0 = 4*a + 4*j - h - 59, -4*j - 48 = -2*a. What is the units digit of a?
8
Let f(w) = 22*w**2 - 3*w - 1. What is the units digit of f(3)?
8
Suppose 35 = -6*n + n - 3*i, -i - 14 = 2*n. Let k(o) = o**2 + 9*o - 8. Let h be k(n). Let c = 43 + h. What is the units digit of c?
1
Suppose 28 = -3*i + 118. Suppose -2*l + i = l. What is the units digit of (1 + 3/(-15))*l?
8
What is the tens digit of (-3078)/(-7) + 1 + 50/175?
4
What is the units digit of (18 - 108)*1/(-2)?
5
Let n be 1 + (-30)/35 - (-78)/(-7). Let y = 84 - n. What is the tens digit of y?
9
Let n be (-12)/15 - 988/65. Suppose -3*z - z + 2